). Let z = v - 25. Suppose 401 = 4*r - z. Is r prime?
False
Let q(x) = x**3 + 17*x**2 - 2*x - 9. Let l be q(-14). Let u = 900 - l. Is u composite?
False
Let p = 13359 + -8396. Is p a prime number?
False
Let h(y) = 13*y - 15. Suppose x - 11 = 3. Is h(x) prime?
True
Let r be ((-13)/2)/(-4*(-4)/(-608)). Suppose -2*o - x - 2 = -1, 5*o = -4*x - 4. Suppose 4*h + r = -2*p + 1253, o = h + 3*p - 244. Is h a composite number?
True
Let o(w) = 5*w**2 + 8*w - 19. Is o(12) a composite number?
False
Let u be 506/(3 - 1) - (3 - 1). Let c = -109 + u. Is c composite?
True
Suppose 0 = 5*o + 2*t - 4*t - 115459, -4*t = -5*o + 115453. Is o composite?
True
Let u = 296 + 1166. Let v = 2441 - u. Is v prime?
False
Let f(s) = -s + 17. Let k be f(12). Suppose 15050 = 5*n - l + 5609, 0 = -3*n - k*l + 5687. Is n prime?
True
Let o = -1064 - -2082. Is o prime?
False
Let g = 60 + -40. Let d(w) = -12*w - 37. Let p be d(-12). Let j = g + p. Is j composite?
False
Let v(j) = 5435*j**2 + 4*j - 6. Is v(1) prime?
False
Suppose -5*m - 10 = 0, -5*k + 2*m = -21 - 88. Let a = 30 - k. Is (-3)/a + 784/12 a prime number?
False
Let w = -26 + 16. Let j be (-3378)/w + (-5)/(-25). Is ((-5)/2)/((-13)/j) a composite number?
True
Let t(w) be the first derivative of 151*w**2/2 - 16*w + 18. Is t(5) a composite number?
False
Let x(i) = i**3. Let s(b) = 3*b**3 - b**2 - 2*b - 1. Let n(u) = s(u) - 4*x(u). Is n(-3) a composite number?
False
Let d(q) = -23*q - 16. Suppose -j = 4*s + 16, 2*j - 3*s - 20 = -8. Suppose j = -o - 0 - 9. Is d(o) composite?
False
Let r = -4 - -8. Suppose 0*j - 5*z = 3*j - 6677, 4*j - r*z = 8924. Is j prime?
False
Suppose 10 = -2*g - 0*g. Let y = g + 17. Let u = y + -9. Is u prime?
True
Let d(r) = 6*r**2 + 10*r - 5. Let x be d(4). Suppose 2*b - 148 = -4*j, -x = -2*j - 3*b - 49. Is j a prime number?
False
Let k = 4596 - -10025. Is k a composite number?
False
Is (-7502)/(-1) + (-16 - -13) prime?
True
Let i(p) = -1285*p + 162. Is i(-5) a composite number?
True
Let p = 10213 - -192. Is p a prime number?
False
Let t be (8/(-10))/((-1)/5). Let k be t/((-12)/(-9)) - 1. Suppose 0 = -4*d + k*d + 226. Is d a composite number?
False
Let j(t) = -3*t**3 - 9*t**2 - 19*t. Is j(-13) a prime number?
False
Let w = -20113 + 29151. Is w a composite number?
True
Let d = 21 + 6. Let h(j) = -7*j. Let o be h(2). Let x = o + d. Is x composite?
False
Let v(x) = 175*x - 501. Is v(34) a prime number?
True
Suppose 29*o = 25*o + 14372. Is o composite?
False
Suppose 5*t = -3*t + 40. Suppose 580 = -5*d + 5*o, -3*o + t*o = 4*d + 464. Is (3 + d)*-2 - 3 a composite number?
False
Let t = 596 - 175. Let z be -2 + 4 + (t - 1). Suppose 2*j = 4*j - z. Is j composite?
False
Let l(f) = -f. Suppose -4*k - 20 = -4. Let i be l(k). Is i + (7 - (-8 - -4)) a composite number?
True
Suppose 2*w = -2*m - 898 - 668, 0 = -4*m - 3*w - 3134. Let h = m + 1872. Is h prime?
True
Suppose -2*f + 0*f - 4 = -2*y, 2*y + 38 = -5*f. Is (-1 - 2/f)/(8/(-31884)) a prime number?
True
Suppose 65*h - 3261466 = -480701. Is h prime?
False
Let a = 7569 - 4869. Suppose -3*b = -12, -a = -5*l - 4*b + 681. Is l a composite number?
False
Let h(w) = 959*w**2 + 37*w - 7. Is h(-3) prime?
True
Let k = -86 + 1063. Is k composite?
False
Let t(p) = 49*p**3 + 7*p**2 - 15*p + 32. Is t(7) a composite number?
False
Suppose -a + 332 = -0*a. Is 2 + 1 + a*1 a prime number?
False
Suppose 0 = -3*m + 5*m. Suppose -f - 2*h - 3 = 3, 0 = 2*f - 2*h - 18. Suppose -f*k + 3*k + 58 = m. Is k a composite number?
True
Let u be (-1 + 2)*-1*-2. Let o(l) = 40*l - 1. Is o(u) a prime number?
True
Let m be 0*2/8*2 + 6. Is -229*(21/(-6) + m/(-4)) composite?
True
Suppose -6*g = -g. Suppose g = -2*a + 4*n + 246 + 1696, -4*a + 4*n + 3888 = 0. Is a a composite number?
True
Let a(t) = 22*t + 109. Is a(7) prime?
True
Let g = -3665 + 6231. Let t = g + 415. Is t composite?
True
Suppose -5*m - 3*c + 2 + 5 = 0, 0 = -2*m + 5*c + 9. Suppose 4*x = 2*n - 248, -2*x - 100 = 3*n + m*n. Let a = 129 + x. Is a a composite number?
True
Let g(h) = 7*h**2 + 3*h - 2. Let d be g(-2). Suppose -5*r + d = 0, -6*r + 28 = 4*f - r. Suppose -262 = -f*x - 2*o, x - o - 42 = 93. Is x a composite number?
True
Let p(c) = -6 + 2*c + 12 - 4. Let l be p(1). Suppose -129 = -l*t + 147. Is t prime?
False
Let u be (-676)/(-3) + (-13)/39. Let v = 496 - u. Is v a composite number?
False
Suppose -c = i + 748, 3*i = 2*c + 2*c + 2971. Suppose -4*z = -12 - 0. Is 1 + (-3)/z - c a composite number?
True
Suppose -5*z = 4*b - 9873, -6 = 6*b - 9*b. Is z composite?
False
Suppose 0*w = -5*j + 4*w + 16358, j = -2*w + 3280. Is j a composite number?
True
Let p(m) = -8 + 14 + 2 + 30*m**2 - 9*m. Is p(5) a prime number?
False
Suppose -12 + 36 = -2*g - 2*i, -5*g = -i + 30. Let x be 35/g*(-3)/5. Suppose -x*c + 253 = 4*w, 0 = 2*c - 0*c - w - 165. Is c a composite number?
False
Suppose -5*x + 380 = -x. Let g = 402 - x. Is g a composite number?
False
Let a = -23366 + 43325. Is a composite?
True
Suppose -185 = -3*s - c - 3*c, -2*s = c - 125. Suppose -5 = -4*x + 3. Suppose s = o + x*o. Is o a prime number?
False
Let w(o) = -76*o**3 + o + 2. Let z(q) = -304*q**3 + 4*q + 7. Let n(h) = 9*w(h) - 2*z(h). Is n(-3) composite?
False
Let n = -246 - -12. Let a = n + 1527. Is a composite?
True
Suppose -j = -4*t - 5735 + 1636, -3*j = -5*t - 12283. Is j a composite number?
False
Let y(i) = -i**2 - 2*i + 5. Let u(d) = -d**2 - d + 4. Let w(v) = -5*u(v) + 4*y(v). Let z be w(3). Suppose z = 2*l + 2*l - 232. Is l a composite number?
True
Suppose -16*j = -25*j + 17883. Let u = 3281 - j. Is u composite?
True
Suppose z - 4 = -2*z - 2*g, -g + 2 = 0. Suppose 0 = -2*y - 2*x + 728, 0 = -2*x - z + 10. Is y prime?
True
Let q = -5511 + 11098. Is q a prime number?
False
Let v = -8061 + 11450. Is v a prime number?
True
Let t = 10986 + -6078. Suppose 0 = -5*m + 3*p - t, 4*m - 2*p + 7*p + 3956 = 0. Let i = m + 1393. Is i composite?
False
Let m(k) = -14142*k**3 - 4*k**2 - 5*k. Is m(-1) a prime number?
True
Let j be 1 - 13 - (1 - 4). Let m be (0 - -7)*(32 + j). Suppose 0 = 2*z + 7 - m. Is z a composite number?
True
Suppose 0 = 2*p - 4*d - 12, -7*p + 2*p + 18 = 2*d. Suppose 0 = -5*s - 2*h - 87 + 356, -p*s + h + 223 = 0. Is s a composite number?
True
Let i = 29 - 212. Let x = i + 308. Let q = -12 + x. Is q a prime number?
True
Suppose 3*m - 38691 = 3*t, 34*m + 38687 = 37*m - 5*t. Is m prime?
True
Let s = 6155 + 34. Is s a prime number?
False
Let p(n) = -n + 13. Let d be p(7). Let a be 28/12 + (-2)/d. Is ((-12)/(-10))/(a/25) a composite number?
True
Let y = 8060 + -271. Is y a composite number?
False
Suppose -6 = 2*r, 3*k - r = -k + 22103. Let t = k + -2985. Suppose -4*m = -t + 224. Is m a prime number?
False
Let u(d) be the second derivative of -9*d**3 + 31*d**2/2 + 8*d. Is u(-10) a composite number?
False
Suppose -2*w + 0*w = 2*x + 884, 0 = -2*w - 8. Let o = -311 - x. Is o a composite number?
False
Let f = 16 + -11. Suppose -3*b + 1242 = -3*l, 5*b + 0*l = -f*l + 2120. Is b composite?
False
Let l = 11 + -9. Suppose 612 = 4*o - 4*m + 2*m, 5*m = -l*o + 330. Is o composite?
True
Let z = 580 - 336. Suppose -5*o + z = -726. Is o composite?
True
Is 14*(1695/6)/5 a prime number?
False
Let d(m) = -3*m - 86. Let c be d(-30). Suppose 2*v + 4*x = 1378, -5*v + 2*v + 2067 = -c*x. Is v prime?
False
Let t be 2166/4*(-1 - (-20)/12). Let w = t + -182. Is w prime?
True
Let x = 30 - 26. Let b(m) = -m**3 - 20*m**2 - 12*m - 2. Let d(f) = -f**3 - 19*f**2 - 12*f - 1. Let s(j) = x*b(j) - 5*d(j). Is s(-14) a prime number?
False
Is 141111/(-18)*(7 + -9) a composite number?
False
Let n(h) = -2*h**2 - 4*h - 32. Let k be n(-20). Let q = 2229 + k. Is q composite?
True
Let o = -3 + -1. Let c(k) = -k**3 + k**2 - k + 1. Let z(w) = -w**3 + w**2 + 8*w + 4. Let r(h) = 3*c(h) + z(h). Is r(o) a prime number?
True
Let f(g) = 137*g + 14. Let c(b) = 136*b + 14. Let h(u) = -2*c(u) + 3*f(u). Is h(3) prime?
True
Let u be 0/11 - (-1 + 0). Suppose -o - 21 = -5*y, y + u = 6. Suppose 2*v = -5*z + 16, o*z + 55 = 4*v - 5. Is v a composite number?
False
Let z(a) = 244*a + 1. Let s be (3/(-6))/(3/6). Let u be z(s). Let y = u + 358. Is y prime?
False
Let p be ((-12)/10)/(8/(-20)). Suppose 6*j = p*j - 189. Is 2/9 + (-4963)/j composite?
False
Suppose 637 = 3*v + 5*r - 597, 821 = 2*v + 5*r. Is v composite?
True
Let q be (3 - 10753/5)*5. Let o =